Does 20 divide 820?
True
Is 119616 a multiple of 11?
False
Is 232 a factor of 8352?
True
Does 10 divide 597?
False
Does 220 divide 9680?
True
Does 8 divide 1017?
False
Is 500 a multiple of 20?
True
Is 20 a factor of 6200?
True
Does 58 divide 12992?
True
Is 35112 a multiple of 266?
True
Is 32735 a multiple of 10?
False
Does 52 divide 826?
False
Does 143 divide 67496?
True
Does 20 divide 4290?
False
Does 7 divide 97944?
True
Is 32 a factor of 366?
False
Is 822 a multiple of 10?
False
Is 122978 a multiple of 81?
False
Does 16 divide 1936?
True
Does 15 divide 49331?
False
Is 287 a multiple of 41?
True
Does 17 divide 283?
False
Is 165 a multiple of 11?
True
Does 87 divide 3624?
False
Does 264 divide 79925?
False
Does 22 divide 2772?
True
Is 102882 a multiple of 64?
False
Is 19 a factor of 14725?
True
Is 12 a factor of 719?
False
Is 2 a factor of 3400?
True
Is 14 a factor of 5950?
True
Is 11 a factor of 33?
True
Is 21417 a multiple of 23?
False
Is 71906 a multiple of 157?
True
Is 392 a multiple of 11?
False
Does 146 divide 17166?
False
Does 238 divide 24752?
True
Does 17 divide 1785?
True
Does 21 divide 6245?
False
Is 796 a multiple of 45?
False
Is 1633 a multiple of 115?
False
Does 10 divide 79?
False
Is 16 a factor of 579?
False
Is 140 a multiple of 57?
False
Is 41 a factor of 36282?
False
Is 24 a factor of 2136?
True
Is 30499 a multiple of 61?
False
Is 2113 a multiple of 9?
False
Is 19 a factor of 69?
False
Is 699 a multiple of 14?
False
Does 38 divide 157?
False
Is 15 a factor of 11175?
True
Is 4 a factor of 19520?
True
Is 13 a factor of 142?
False
Is 16 a multiple of 11?
False
Is 13464 a multiple of 17?
True
Is 249 a multiple of 15?
False
Is 131 a multiple of 13?
False
Is 28 a factor of 1815?
False
Is 8 a factor of 1392?
True
Is 1380 a multiple of 23?
True
Is 54250 a multiple of 175?
True
Is 714 a multiple of 42?
True
Does 2 divide 1581?
False
Is 57 a factor of 29241?
True
Does 9 divide 35388?
True
Does 11 divide 20636?
True
Does 8 divide 224?
True
Does 64 divide 10816?
True
Is 29 a factor of 406?
True
Is 51 a factor of 4182?
True
Does 2 divide 944?
True
Is 102 a factor of 637?
False
Is 4050 a multiple of 54?
True
Is 7757 a multiple of 28?
False
Is 7963 a multiple of 12?
False
Is 9801 a multiple of 99?
True
Is 406 a multiple of 58?
True
Is 63 a factor of 1071?
True
Does 5 divide 125?
True
Does 3 divide 765?
True
Is 20 a factor of 1900?
True
Is 361 a multiple of 19?
True
Does 6 divide 86?
False
Is 1457 a multiple of 30?
False
Does 21 divide 357?
True
Is 3 a factor of 57?
True
Is 6840 a multiple of 42?
False
Is 22 a multiple of 6?
False
Is 1056 a multiple of 33?
True
Is 6680 a multiple of 20?
True
Is 416 a multiple of 16?
True
Is 2336 a multiple of 10?
False
Does 14 divide 26556?
False
Does 4 divide 3228?
True
Is 8193 a multiple of 32?
False
Does 3 divide 131?
False
Is 31 a factor of 1240?
True
Is 56 a factor of 12096?
True
Is 1679 a multiple of 48?
False
Does 7 divide 2639?
True
Is 34 a factor of 12546?
True
Is 79 a factor of 7325?
False
Is 70 a factor of 6831?
False
Is 10 a multiple of 5?
True
Is 61 a factor of 2013?
True
Is 11 a factor of 5005?
True
Is 10 a factor of 1497?
False
Is 120 a factor of 19092?
False
Is 17996 a multiple of 14?
False
Is 35 a factor of 18445?
True
Is 420 a multiple of 30?
True
Is 21 a factor of 5964?
True
Is 3291 a multiple of 12?
False
Is 310 a multiple of 10?
True
Does 12 divide 4033?
False
Is 5960 a multiple of 10?
True
Is 7099 a multiple of 15?
False
Is 12 a factor of 6669?
False
Does 10 divide 14140?
True
Is 14274 a multiple of 69?
False
Does 51 divide 1887?
True
Does 15 divide 1845?
True
Does 66 divide 709?
False
Is 20 a factor of 4649?
False
Is 1401 a multiple of 2?
False
Is 24 a factor of 9168?
True
Does 53 divide 5944?
False
Is 5195 a multiple of 7?
False
Does 41 divide 4592?
True
Is 464 a multiple of 58?
True
Is 13 a factor of 28340?
True
Is 38 a factor of 2394?
True
Is 31467 a multiple of 30?
False
Does 6 divide 62?
False
Is 11 a factor of 726?
True
Is 50 a factor of 1020?
False
Does 9 divide 2475?
True
Is 3441 a multiple of 54?
False
Is 61 a factor of 6960?
False
Does 43 divide 4429?
True
Does 13 divide 208?
True
Does 3 divide 11025?
True
Does 25 divide 380?
False
Is 2 a factor of 2673?
False
Is 8 a factor of 12479?
False
Is 2 a factor of 14191?
False
Is 2858 a multiple of 104?
False
Does 23 divide 279?
False
Is 104 a factor of 1040?
True
Is 83007 a multiple of 207?
True
Is 4096 a multiple of 199?
False
Does 18 divide 46728?
True
Is 132 a multiple of 22?
True
Does 3 divide 335?
False
Does 45 divide 90?
True
Is 3318 a multiple of 6?
True
Does 13 divide 6409?
True
Is 24 a multiple of 3?
True
Is 3370 a multiple of 164?
False
Does 12 divide 266?
False
Does 17 divide 43979?
True
Is 43848 a multiple of 18?
True
Does 15 divide 495?
True
Is 10 a factor of 910?
True
Does 6 divide 23832?
True
Is 78 a factor of 50778?
True
Does 75 divide 5625?
True
Is 5 a factor of 7830?
True
Is 44 a factor of 7961?
False
Does 34 divide 90984?
True
Does 44 divide 5153?
False
Is 18 a factor of 40590?
True
Is 2781 a multiple of 20?
False
Is 9 a factor of 5210?
False
Does 23 divide 4462?
True
Is 28714 a multiple of 18?
False
Does 3 divide 154?
False
Is 7 a factor of 6202?
True
Does 29 divide 1654?
False
Is 2414 a multiple of 71?
True
Is 36 a factor of 612?
True
Is 13 a factor of 2032?
False
Is 41 a factor of 1107?
True
Is 132 a multiple of 22?
True
Does 138 divide 11089?
False
Does 14 divide 1764?
True
Is 7 a factor of 6426?
True
Does 4 divide 2210?
False
Does 11 divide 4693?
False
Does 48 divide 25328?
False
Is 75 a factor of 1575?
True
Does 19 divide 26909?
False
Is 6862 a multiple of 5?
False
Does 28 divide 848?
False
Is 24 a factor of 6696?
True
Is 65 a factor of 260?
True
Is 983 a multiple of 35?
False
Is 1080 a multiple of 24?
True
Does 90 divide 3845?
False
Is 1679 a multiple of 11?
False
Is 78 a factor of 21528?
True
Is 55 a factor of 19379?
False
Is 1824 a multiple of 96?
True
Is 18309 a multiple of 17?
True
Is 690 a multiple of 115?
True
Is 18 a multiple of 2?
True
Does 119 divide 3451?
True
Is 3 a factor of 394?
False
Is 39 a factor of 6933?
False
Is 8290 a multiple of 134?
False
Does 11 divide 131?
False
Is 2 a factor of 4?
True
Does 5 divide 1214?
False
Does 13 divide 455?
True
Is 11 a factor of 2609?
False
Is 28 a factor of 3668?
True
Is 1680 a multiple of 16?
True
Is 256 even?
True
Is 10 a factor of 18?
False
Is 2 a factor of 75?
False
Does 12 divide 9456?
True
Is 171 a multiple of 12?
False
Is 1420 a multiple of 19?
False
Is 583 a multiple of 2?
False
Is 21 a factor of 672?
True
Does 17 divide 34?
True
Is 470 a multiple of 9?
False
Is 442 a factor of 118456?
True
Does 48 divide 1662?
False
Is 1460 a multiple of 4?
True
Does 73 divide 2993?
True
Is 27 a factor of 7723?
False
Is 12 a factor of 2342?
False
Does 13 divide 5231?
False
Is 90644 a multiple of 263?
False
Is 18 a factor of 410?
False
Does 38 divide 9234?
True
Is 61 a factor of 537?
False
Does 14 divide 250?
False
Is 1233 a multiple of 64?
False
Is 16 a factor of 1032?
False
Is 9256 a multiple of 104?
True
Is 7 a factor of 112?
True
Does 21 divide 35?
False
Is 14 a factor of 2005?
False
Does 4 divide 284?
True
Is 67 a factor of 1474?
True
Does 30 divide 4380?
True
Is 24037 a multiple of 13?
True
Is 1737 a multiple of 193?
True
Is 39 a factor of 943?
False
Is 8304 a multiple of 24?
True
Does 33 divide 15001?
False
Is 5 a factor of 84?
False
Is 37 a factor of 2553?
True
Is 34300 a multiple of 175?
True
Is 170 a factor of 38089?
False
Is 12 a factor of 3576?
True
Does 151 divide 93016?
True
Is 43 a factor of 4015?
False
Is 103 a factor of 12566?
True
Is 14 a factor of 641?
False
Is 7 a factor of 376?
False
Is 5 a factor of 1073?
False
Is 21363 a multiple of 126?
False
Is 6284 a multiple of 10?
False
Does 53 divide 4028?
True
Is 2025 a multiple of 75?
True
Does 32 divide 960?
True
Does 20 divide 1980?
True
Is 10494 a multiple of 53?
True
Is 10 a factor of 11270?
True
Is 10 a factor of 118?
False
Is 1762 a multiple of 73?
False
Is 696 a multiple of 24?
True
Is 20 a factor of 7798?
False
Is 595 a multiple of 35?
True
Is 23 a factor of 305?
False
Does 21 divide 4675?
False
Is 4189 a multiple of 10?
False
Does 209 divide 14566?
False
Is 138 a multiple of 46?
True
Is 1